{"id":28,"date":"2014-11-01T00:34:35","date_gmt":"2014-10-31T22:34:35","guid":{"rendered":"http:\/\/deutsche-partei-dp.de\/?page_id=28"},"modified":"2023-11-02T09:31:43","modified_gmt":"2023-11-02T08:31:43","slug":"bundesvorstand-partei","status":"publish","type":"page","link":"http:\/\/deutsche-partei-dp.de\/?page_id=28","title":{"rendered":"Bundesvorstand &#8211; Partei"},"content":{"rendered":"<p><strong>Pr\u00e4sidium:<\/strong><\/p>\n<hr \/>\n<p>Hans Steding (stellv. Vorsitzender),<\/p>\n<p>Hans Steding, (Bundesgesch\u00e4ftsf\u00fchrer),<\/p>\n<p>Ingeborg He\u00dfd\u00f6rfer (Bundesschatzmeister)<\/p>\n<p><strong>Beisitzer im Vorstand: <\/strong>Freiherr Hans-Erich von Bodenhausen<\/p>\n<p><strong>Kontakt: <\/strong><\/p>\n<p>Deutsche Partei<br \/>\nBundesgesch\u00e4ftsstelle<br \/>\nPostfach: 1157<br \/>\nPLZ: 31304 Uetze<br \/>\ne-Mail: <a href=\"mailto:dp.dahlmann@yahoo.de\">dp.dahlmann<strong>@<\/strong>yahoo.de<\/a><\/p>\n","protected":false},"excerpt":{"rendered":"<p>Pr\u00e4sidium: Hans Steding (stellv. Vorsitzender), Hans Steding, (Bundesgesch\u00e4ftsf\u00fchrer), Ingeborg He\u00dfd\u00f6rfer (Bundesschatzmeister) Beisitzer im Vorstand: Freiherr Hans-Erich von Bodenhausen Kontakt: Deutsche Partei Bundesgesch\u00e4ftsstelle Postfach: 1157 PLZ: 31304 Uetze e-Mail: dp.dahlmann@yahoo.de<\/p>\n","protected":false},"author":1,"featured_media":0,"parent":0,"menu_order":0,"comment_status":"open","ping_status":"open","template":"","meta":{"_editorskit_title_hidden":false,"_editorskit_reading_time":1,"_editorskit_is_block_options_detached":false,"_editorskit_block_options_position":"{}"},"_links":{"self":[{"href":"http:\/\/deutsche-partei-dp.de\/index.php?rest_route=\/wp\/v2\/pages\/28"}],"collection":[{"href":"http:\/\/deutsche-partei-dp.de\/index.php?rest_route=\/wp\/v2\/pages"}],"about":[{"href":"http:\/\/deutsche-partei-dp.de\/index.php?rest_route=\/wp\/v2\/types\/page"}],"author":[{"embeddable":true,"href":"http:\/\/deutsche-partei-dp.de\/index.php?rest_route=\/wp\/v2\/users\/1"}],"replies":[{"embeddable":true,"href":"http:\/\/deutsche-partei-dp.de\/index.php?rest_route=%2Fwp%2Fv2%2Fcomments&post=28"}],"version-history":[{"count":20,"href":"http:\/\/deutsche-partei-dp.de\/index.php?rest_route=\/wp\/v2\/pages\/28\/revisions"}],"predecessor-version":[{"id":1258,"href":"http:\/\/deutsche-partei-dp.de\/index.php?rest_route=\/wp\/v2\/pages\/28\/revisions\/1258"}],"wp:attachment":[{"href":"http:\/\/deutsche-partei-dp.de\/index.php?rest_route=%2Fwp%2Fv2%2Fmedia&parent=28"}],"curies":[{"name":"wp","href":"https:\/\/api.w.org\/{rel}","templated":true}]}}

<p><strong>Präsidium:</strong></p>
<hr />
<p>Hans Steding (stellv. Vorsitzender),</p>
<p>Hans Steding, (Bundesgeschäftsführer),</p>
<p>Ingeborg Heßdörfer (Bundesschatzmeister)</p>
<p><strong>Beisitzer im Vorstand: </strong>Freiherr Hans-Erich von Bodenhausen</p>
<p><strong>Kontakt: </strong></p>
<p>Deutsche Partei<br />
Bundesgeschäftsstelle<br />
Postfach: 1157<br />
PLZ: 31304 Uetze<br />
e-Mail: <a href="mailto:dp.dahlmann@yahoo.de">dp.dahlmann<strong>@</strong>yahoo.de</a></p>

<p>Präsidium: Hans Steding (stellv. Vorsitzender), Hans Steding, (Bundesgeschäftsführer), Ingeborg Heßdörfer (Bundesschatzmeister) Beisitzer im Vorstand: Freiherr Hans-Erich von Bodenhausen Kontakt: Deutsche Partei Bundesgeschäftsstelle Postfach: 1157 PLZ: 31304 Uetze e-Mail: dp.dahlmann@yahoo.de</p>
